 is the units digit of u?
2
Suppose 3*o + 6 - 13 = -2*i, -o - i = -3. Let h be o + (20 - 2) - 1. What is the units digit of (-6)/h + 462/9?
1
Suppose -5*j - 37 = -57. Suppose -236 = -j*d + 52. What is the units digit of d?
2
Let p(r) = -7*r - 25. Suppose 3*q - 18 = 6*q. What is the units digit of p(q)?
7
Let b(s) = 5*s**2 + 14*s + 12. Let i(q) = -6*q**2 - 13*q - 13. Let z(a) = -5*b(a) - 4*i(a). What is the units digit of z(-15)?
7
Suppose -39*m + 5652 = -14238. What is the hundreds digit of m?
5
Let r = 15 - 10. Suppose -152 = -4*y + 40. Suppose -r*a = -2*a - y. What is the units digit of a?
6
Let t = 599 - -366. Suppose 0 = -3*j - 2*c + 581, 5*j - t = -9*c + 4*c. What is the hundreds digit of j?
1
Let a(f) = 279*f + 25. What is the units digit of a(8)?
7
Suppose -f + 69 = -4*d, -2*f = -7*f - 2*d + 345. Suppose 71*v - 136 = f*v. What is the units digit of v?
8
Let g = -1171 - -1955. What is the tens digit of g?
8
Let s = -42 + 19. Let r = 19 + s. What is the units digit of (-2 + (-4)/r)*-3?
3
Let j = 25 + -37. What is the units digit of j/(2*(-1)/19)?
4
Suppose 6*q + 134 = 206. What is the tens digit of q?
1
Let j(h) = h**2 + h + 1. Let i be j(-2). Suppose -i*c = 0, 0*c + 3*c + 12 = 4*z. Suppose z*b = -12 + 39. What is the units digit of b?
9
Let h(b) = -b**3 + 27*b**2 - 10*b - 31. What is the thousands digit of h(15)?
2
Let o(a) = -5 + 4*a + 78*a - 9 - 6. Let g(i) = -55*i + 13. Let b(x) = -8*g(x) - 5*o(x). What is the units digit of b(2)?
6
Let v = -16 - -41. Suppose 2*r = r - v. What is the units digit of (-1085)/r + (-4)/10?
3
Suppose 4*f - 22 = 3*m, m = 5*f - 2 - 9. Let s = 3 - m. Suppose -315 = -s*u + 4*u. What is the units digit of u?
3
Let l(p) = 2*p**2 + 19*p + 30. What is the hundreds digit of l(-14)?
1
Suppose 2*j + 3*j = -2*x + 3955, 0 = -4*j + 4*x + 3192. What is the units digit of j?
3
Suppose 30 = 15*z - 0*z. Suppose 4*a + 3*d - 50 = 103, 0 = -5*a + z*d + 220. What is the tens digit of a?
4
Let v be ((-550)/6)/(3/(-36)). Suppose 9*r + 29 = v. What is the tens digit of r?
1
Let r be ((-20)/50)/((-1)/155). What is the tens digit of 3/(-9) - r/(-6)?
1
Let s(i) = -2*i**2 + 11*i + 4. Let f be s(6). What is the hundreds digit of (195 - 0)/(-6 + (-15)/f)?
1
Suppose i - 3*k + 44 - 196 = 0, 4*i + 4*k = 656. Suppose -29 - i = -5*a. Suppose 2*c = 32 + a. What is the tens digit of c?
3
Suppose -10*z + 165 = -21*z. Let i = 151 - z. What is the units digit of i?
6
Let a(i) = -i**3 + 4*i**2 + 4*i. Let u = -19 + 24. Suppose 0 = w - 4*z - 2, 2*w + u*z - z = -8. What is the units digit of a(w)?
6
Let n(p) = -40 - 14*p**2 + p**3 + 21 + 14*p + 3*p. What is the units digit of n(13)?
3
Let m = -329 + 909. What is the tens digit of m?
8
Suppose -2*g + 2*h = 2*g - 150, -5*g = -3*h - 185. Let f be (-81 + -2)/(1 - (11 - 9)). Let a = f - g. What is the tens digit of a?
4
Let m(c) = 34*c**2 + c + 7. Let g be m(-3). Suppose -5*s + 8*s = -y + g, 416 = 4*s + 4*y. What is the hundreds digit of s?
1
Suppose -2*j - 331 = -67. Let n = -69 - j. Suppose -4 = 3*q + h - 41, h - n = -5*q. What is the units digit of q?
3
Suppose -3*c = -2*f + 283, 3*f - 8*f - 4*c = -742. Let q = f - 106. What is the tens digit of q?
4
Suppose 30911 = 108*k - 34105. What is the tens digit of k?
0
Let r = 842 + -271. What is the units digit of r?
1
Suppose 0*u + 1438 = m - 3*u, m - 1428 = u. What is the hundreds digit of m?
4
Suppose 2*v - 2*j - 2 = 0, 6*v - 2*j = 3*v - 1. What is the tens digit of 0 + 142 - v - (3 + 1)?
4
Let o(x) = -x**3 + 8*x**2 - 11*x + 10. Let v be o(7). Let z be (v/27)/((-2)/21). What is the units digit of (-375)/(-9) - z/(-21)?
2
Let x(n) = 155*n**3 - n**2 - 33 + 17 + 22*n**3 + 19 - 2*n. What is the hundreds digit of x(1)?
1
Let a be (0 + 0)*(-2 - -1). Suppose a*d - 3*d + 6 = 0. What is the tens digit of ((-27)/d)/((-1)/2)?
2
Let i = 24 + -21. Let p be i/18 + (-1)/6. Suppose -2*x - 6 = p, 5*c + 4*x = 42 + 21. What is the tens digit of c?
1
Let d be 3 + 36/(-10) + 166/10. What is the units digit of 489/8 - 2/d?
1
Let c(o) = 39*o + 47*o - 81*o + 271. What is the hundreds digit of c(0)?
2
Suppose 27*g = 29*g - 190. Suppose l + 0*l = 2*m + g, l + 4*m - 101 = 0. What is the units digit of l?
7
Let z(d) = d**2 + 11*d - 19. Let i be z(-13). Let o(j) = -6*j + 0 + 1 - 4 + i*j. What is the units digit of o(8)?
5
Let q = -214 + 515. What is the tens digit of q?
0
Let n(q) be the first derivative of 2*q**3 - q**2/2 - 20*q + 31. What is the units digit of n(6)?
0
Let g(s) = 2*s**2 - 21*s - 5. Suppose -i - 3*i = -48. What is the units digit of g(i)?
1
What is the units digit of (-10)/(-40)*3 - (-1589)/4?
8
Suppose 1530 = 2*y - 19*y. What is the units digit of -4 - (y - (5 - 1))?
0
Let l(i) = i**2 + 10*i + 4. Let t be l(-9). What is the hundreds digit of (-104)/(-1) + -7 + (t - -10)?
1
Let u(w) = -3*w**3 - 8*w**2 + 7*w - 14. What is the units digit of u(-8)?
4
Let c = 38 - 35. Suppose -332 = -5*g + c*g. What is the tens digit of g?
6
What is the units digit of 24/(-372) + (-265988)/(-124)?
5
Suppose -4*g + 48 = -4*r, r - 5*r + 2*g - 58 = 0. Let t = r + 41. What is the units digit of 76/t - 1/6?
3
Let a be 101/5 - (-7)/(-35). Suppose 9 = -5*h + 4*c + a, 5 = 2*h - c. Suppose -h*g - 2 = -11. What is the units digit of g?
3
Suppose 0 = -4*h - 4*n + 4, n + 3 = -h - 2*h. What is the tens digit of 190 + (-2)/(h/(-3)) + 1?
8
Let g = -4 - -7. Let z(f) = f**3 - 7*f**2 - 4*f + 4. Let b(h) = h**3 - 6*h**2 - 3*h + 3. Let q(p) = 5*b(p) - 4*z(p). What is the tens digit of q(g)?
1
Let n(o) be the second derivative of 29*o**3/6 - 7*o**2 + 27*o. What is the units digit of n(2)?
4
Let c(a) = 10*a**2 - 1 - a**3 - 3*a**2 + 9*a + 1 - 1. Suppose 0*v - 19 = -3*r - 5*v, 2*r - 3*v = 19. What is the units digit of c(r)?
7
Suppose 2*k - 5*y = k - 3, 2 = 2*y. Suppose 4*o = 6*h - k*h - 896, 2*h - 4*o - 444 = 0. What is the hundreds digit of h?
2
Let r be 6/(-9) - (-2)/(-6). Let s be (-4)/(-15 + r)*68. Suppose 1 - s = -4*b, 0 = -2*u + 4*b + 42. What is the tens digit of u?
2
What is the tens digit of 765 + -21 + (-8)/1?
3
Let l(n) = -22*n - 1. Let x(g) = 22*g + 2. Let w(y) = -5*l(y) - 4*x(y). What is the tens digit of w(6)?
2
Suppose -b = -4*q - 68 - 1027, -5*b + 4*q + 5459 = 0. What is the tens digit of b?
9
Suppose -5*v = -2*u - 2*v + 2472, v = 5*u - 6193. What is the hundreds digit of u?
2
Let b(f) = f**3 + 10*f**2 + 3*f + 11. Let x be b(-10). Let c = x - -28. What is the units digit of c?
9
Let b = 10 - 8. Let x be (b/(-4))/(2/480). Let w = -69 - x. What is the units digit of w?
1
Let r(x) = x**2 - 2*x - 7. Let i be r(-3). Let d(y) = 4*y**2 - 12*y - 5. What is the units digit of d(i)?
5
Let y = -362 - -502. What is the units digit of y?
0
Suppose -3*n + 4*u - 488 = -2009, 0 = -4*u. What is the tens digit of n?
0
Let p = -13 - -14. Let h be p/(3 - (-74)/(-24)). Let v = -6 - h. What is the units digit of v?
6
What is the units digit of 4355/30 - (-3)/72*-4?
5
Let m(i) = -i**3 - i**2 - 3*i - 2. Let z(x) = x**2 + 7*x - 3. Let d(u) = -4*u + 1. Let o be d(2). Let t be z(o). What is the tens digit of m(t)?
2
What is the hundreds digit of (6 - (318 + 12))/(6/(-56))?
0
Suppose -5*g = 52 - 187. Let s = -33 + g. What is the tens digit of (-366)/s - 2*2?
5
Suppose -3*z - 16 = -2*f - z, -z + 4 = 3*f. Let c(a) = a**3 - 2*a**2 - 4*a - 5. Let m be c(f). What is the tens digit of m/(-28) + 640/14?
4
Let b = -1712 + 2450. What is the hundreds digit of b?
7
Suppose b - 910 = -9*b. Suppose 0 = -5*g + b + 84. What is the tens digit of g?
3
Let b(f) = 90*f**2 - 46*f**2 + 2 + 5*f - 43*f**2 - 8*f. Let a(j) = j**2 - 7*j + 9. Let z be a(6). What is the units digit of b(z)?
2
Suppose 10 = 5*c, -5*c - 19502 = -22*v + 18*v. What is the hundreds digit of v?
8
Let z(d) = 6*d + 19. Suppose -28 = -24*k + 20*k. What is the units digit of z(k)?
1
Let x be ((-2)/(-6))/(4/36). Let d(f) = 16*f**2 + 5 - 9*f**3 + 1 + 8*f**x + 0 + f. What is the tens digit of d(16)?
2
Suppose -2786 = -3*r + 5*y + 1910, -2*y + 8 = 0. Let k be 16/72 + r/(-27). Let x = -25 - k. What is the tens digit of x?
3
Suppose -5*a - 37*a + 32718 = 0. What is the units digit of a?
9
Suppose -2*c + 4*c - 13 = -3*k, 5*c - 10 = 0. Suppose 42 = k*n - 96. What is the units digit of n?
6
Let t be 12/30 + ((-14)/10 - -1). What is the tens digit of ((-2)/4 - t)/((-7)/154)?
1
Let 